{"id":316,"date":"2020-08-17T11:03:09","date_gmt":"2020-08-17T11:03:09","guid":{"rendered":"http:\/\/www.dicto.fi\/?page_id=316"},"modified":"2022-08-31T08:47:13","modified_gmt":"2022-08-31T08:47:13","slug":"palvelut","status":"publish","type":"page","link":"https:\/\/dicto.fi\/","title":{"rendered":"Palvelut"},"content":{"rendered":"<ul>\n<li style=\"list-style-type: none;\">\n<ul>\n<li>Median ja viestinn\u00e4n asiantuntijapalvelut.<\/li>\n<li>Toimitusty\u00f6 eri kanavissa (teksti, \u00e4\u00e4ni, el\u00e4v\u00e4 kuva).<\/li>\n<li>Viestint\u00e4- ja mediakoulutus, sparraus ja tekstien editointi.<\/li>\n<li>Asiantuntijapaneelien moderointi ja haastattelut.<\/li>\n<li>Podcastit.<\/li>\n<li>Monimediaprojektit.<\/li>\n<li>Digi- ja printtimakasiinien sek\u00e4 kirjojen tuottaminen.<\/li>\n<li>Erikoisaloina kulttuuri, matkailu, media, politiikka, suomen kieli, taide, tiede ja yhteiskunnallinen vaikuttaminen.<\/li>\n<\/ul>\n<\/li>\n<\/ul>\n<h5 style=\"padding-left: 40px;\">Motto:\u00a0 Kun toimittaja kysyy, kannattaa vastata.<\/h5>\n","protected":false},"excerpt":{"rendered":"<p>Median ja viestinn\u00e4n asiantuntijapalvelut. Toimitusty\u00f6 eri kanavissa (teksti, \u00e4\u00e4ni, el\u00e4v\u00e4 kuva). Viestint\u00e4- ja mediakoulutus, sparraus ja tekstien editointi. Asiantuntijapaneelien moderointi ja haastattelut. Podcastit. Monimediaprojektit. Digi- ja printtimakasiinien sek\u00e4 kirjojen tuottaminen. Erikoisaloina kulttuuri, matkailu, media, politiikka, suomen kieli, taide, tiede ja yhteiskunnallinen vaikuttaminen. Motto:\u00a0 Kun toimittaja kysyy, kannattaa vastata.<\/p>\n","protected":false},"author":1,"featured_media":0,"parent":0,"menu_order":0,"comment_status":"closed","ping_status":"closed","template":"","meta":{"footnotes":""},"class_list":["post-316","page","type-page","status-publish","hentry"],"_links":{"self":[{"href":"https:\/\/dicto.fi\/index.php?rest_route=\/wp\/v2\/pages\/316","targetHints":{"allow":["GET"]}}],"collection":[{"href":"https:\/\/dicto.fi\/index.php?rest_route=\/wp\/v2\/pages"}],"about":[{"href":"https:\/\/dicto.fi\/index.php?rest_route=\/wp\/v2\/types\/page"}],"author":[{"embeddable":true,"href":"https:\/\/dicto.fi\/index.php?rest_route=\/wp\/v2\/users\/1"}],"replies":[{"embeddable":true,"href":"https:\/\/dicto.fi\/index.php?rest_route=%2Fwp%2Fv2%2Fcomments&post=316"}],"version-history":[{"count":41,"href":"https:\/\/dicto.fi\/index.php?rest_route=\/wp\/v2\/pages\/316\/revisions"}],"predecessor-version":[{"id":853,"href":"https:\/\/dicto.fi\/index.php?rest_route=\/wp\/v2\/pages\/316\/revisions\/853"}],"wp:attachment":[{"href":"https:\/\/dicto.fi\/index.php?rest_route=%2Fwp%2Fv2%2Fmedia&parent=316"}],"curies":[{"name":"wp","href":"https:\/\/api.w.org\/{rel}","templated":true}]}}